isor of 1998350 and 17?
17
What is the highest common divisor of 870 and 33690?
30
What is the highest common factor of 762 and 683514?
762
Calculate the highest common divisor of 749 and 29746.
107
What is the highest common factor of 82294 and 5014?
46
Calculate the greatest common divisor of 192612 and 21.
21
Calculate the highest common factor of 1060 and 729545.
265
Calculate the greatest common divisor of 45 and 294939.
9
Calculate the highest common factor of 19250 and 1078.
154
Calculate the highest common factor of 2070 and 39870.
90
Calculate the greatest common divisor of 390 and 6370.
130
What is the greatest common divisor of 2565 and 222490?
95
What is the greatest common divisor of 1344 and 159040?
448
What is the highest common factor of 722774 and 26?
26
Calculate the greatest common divisor of 3460 and 40.
20
What is the highest common factor of 612 and 5760?
36
What is the greatest common divisor of 3687 and 69?
3
What is the highest common divisor of 992 and 4402?
62
Calculate the greatest common factor of 178560 and 93.
93
Calculate the highest common divisor of 2143994 and 3370.
674
What is the greatest common factor of 85 and 8721?
17
Calculate the highest common factor of 810 and 15930.
270
Calculate the highest common factor of 58368 and 399.
57
What is the highest common divisor of 38 and 12891766?
38
What is the greatest common divisor of 672 and 1638?
42
What is the highest common divisor of 130 and 72260?
10
Calculate the highest common divisor of 87408 and 144.
144
Calculate the highest common divisor of 126 and 285894.
126
What is the highest common factor of 812154 and 1464?
366
Calculate the highest common divisor of 265061 and 2406.
401
Calculate the greatest common factor of 2956182 and 2364.
1182
What is the highest common divisor of 372416 and 1408?
704
What is the highest common factor of 7240 and 2680?
40
Calculate the greatest common divisor of 19978 and 28.
14
What is the highest common divisor of 3116 and 306844?
164
Calculate the greatest common factor of 133428 and 168.
12
Calculate the greatest common divisor of 11778 and 301094.
302
What is the greatest common factor of 1268 and 3766911?
317
What is the greatest common factor of 8 and 313064?
8
What is the greatest common divisor of 7623 and 748143?
1089
What is the highest common divisor of 611 and 104?
13
Calculate the highest common divisor of 21 and 64211.
7
What is the greatest common divisor of 18886 and 798?
266
Calculate the greatest common factor of 66386 and 38.
38
What is the greatest common factor of 248 and 140802?
62
Calculate the greatest common divisor of 812 and 15196.
116
What is the greatest common divisor of 7020 and 104355?
135
Calculate the greatest common divisor of 15648 and 708.
12
What is the highest common factor of 35 and 737165?
5
What is the greatest common factor of 899895 and 306?
51
Calculate the highest common factor of 20 and 13690.
10
Calculate the greatest common factor of 31 and 108748.
31
Calculate the greatest common divisor of 135744 and 384.
192
What is the greatest common divisor of 111584 and 209?
11
What is the highest common divisor of 130415 and 5?
5
Calculate the highest common factor of 104 and 73164.
52
What is the highest common factor of 10824 and 224136?
264
What is the highest common factor of 70 and 309715?
35
What is the highest common divisor of 1022 and 1314?
146
What is the greatest common divisor of 55010 and 190?
10
Calculate the greatest common factor of 1127 and 55706.
161
What is the greatest common factor of 1140 and 30590?
190
Calculate the greatest common factor of 113659 and 5369.
91
What is the highest common factor of 670 and 2410?
10
Calculate the highest common factor of 6375 and 32691.
51
What is the highest common divisor of 153 and 39573?
9
Calculate the highest common factor of 19770 and 150.
30
What is the greatest common divisor of 6345 and 4995?
135
Calculate the greatest common factor of 1520 and 191280.
80
Calculate the greatest common factor of 5396 and 28116.
284
Calculate the greatest common divisor of 1489 and 5020908.
1489
Calculate the greatest common factor of 65034 and 522.
18
What is the highest common divisor of 237 and 19671?
237
Calculate the highest common factor of 6591 and 4992.
39
Calculate the greatest common divisor of 2029302 and 12.
6
What is the highest common divisor of 316 and 1633957?
79
What is the greatest common divisor of 502509 and 21?
21
What is the greatest common factor of 14 and 333382?
14
What is the highest common factor of 132 and 323598?
66
Calculate the greatest common divisor of 204 and 548692.
68
What is the greatest common divisor of 1309 and 62084?
187
Calculate the highest common divisor of 136044 and 2052.
36
Calculate the highest common divisor of 7289 and 1961.
37
What is the greatest common divisor of 1100342 and 34?
34
What is the greatest common divisor of 28496 and 137?
137
What is the greatest common factor of 1080 and 68424?
24
Calculate the greatest common factor of 58 and 46.
2
Calculate the greatest common divisor of 1449 and 456687.
63
What is the highest common divisor of 1097025 and 50?
25
What is the highest common factor of 2713008 and 174?
174
What is the greatest common divisor of 4730 and 67510?
430
Calculate the highest common divisor of 16 and 1936576.
16
What is the greatest common factor of 60 and 91860?
60
What is the highest common factor of 7756176 and 6?
6
Calculate the greatest common divisor of 133 and 28168.
7
Calculate the greatest common divisor of 22627 and 748.
187
What is the highest common divisor of 265818 and 42?
42
What is the greatest common divisor of 531 and 1035981?
531
What is the highest common factor of 10760 and 4760?
40
What is the highest common factor of 30468 and 108?
12
Calculate the greatest common factor of 480 and 14310.
30
Calculate the greatest common divisor of 782 and 3784489.
391
What is the highest common factor of 1174 and 17396332?
1174
What is the highest common divisor of 165321 and 1053?
1053
Calculate the greatest common divisor of 114 and 33882.
6
Calculate the highest common factor of 63231 and 2856.
21
Calculate the greatest common factor of 24 and 37032.
24
Calculate the greatest common divisor of 10 and 6812800.
10
What is the highest common factor of 1701 and 150990?
21
Calculate the highest common divisor of 2050 and 3198.
82
Calculate the highest common factor of 114224 and 605.
121
Calculate the highest common factor of 633585 and 15.
15
Calculate the greatest common factor of 252237 and 996.
249
Calculate the greatest common divisor of 3526 and 1025.
41
What is the highest common factor of 20 and 79580?
20
What is the greatest common factor of 76560 and 4620?
660
What is the highest common factor of 102 and 162?
6
Calculate the highest common factor of 25130 and 700.
70
Calculate the highest common factor of 375 and 177350.
25
Calculate the highest common divisor of 3600 and 83925.
225
What is the greatest common factor of 551 and 14744?
19
What is the greatest common factor of 469 and 360326?
67
Calculate the highest common factor of 142 and 2670097.
71
What is the highest common factor of 25 and 207500?
25
What is the greatest common factor of 6555 and 11040?
345
What is the greatest common divisor of 215 and 1550?
5
What is the greatest common divisor of 27230 and 126?
14
Calculate the highest common factor of 225 and 87550.
25
What is the greatest common factor of 4763 and 5181?
11
What is the highest common divisor of 59752 and 4850?
194
What is the greatest common divisor of 1182153 and 63?
21
Calculate the highest common factor of 9880 and 522652.
988
Calculate the highest common factor of 178593 and 6.
3
What is the greatest common factor of 397204 and 2495?
499
Calculate the highest common divisor of 640055 and 229.
229
What is the highest common factor of 14328 and 144?
72
What is the greatest common divisor of 1216 and 4437792?
608
Calculate the greatest common factor of 11 and 3492379.
11
Calculate the greatest common divisor of 11875 and 16375.
125
Calculate the greatest common factor of 640 and 760.
40
Calculate the greatest common divisor of 6550 and 4750.
50
What is the greatest common factor of 22389 and 255?
51
Calculate the gr